uppose 4*f = -2*p - 2*p + 284, -f = 3*p - 217. Suppose -p = -3*r - 19. Suppose -r = -3*b - 0*b. What is the units digit of b?
6
Let s be (3 + 1)/(2/(-10)). What is the units digit of 3/4 - 85/s?
5
Suppose 4*z - 42 = -5*y - 15, y = 3*z - 25. What is the units digit of z?
8
Suppose p = -4, -2*j - 2*p = -0*j - 2. Suppose c - 5 = g - 29, -c = -j*g + 120. Suppose -g = -3*z - b + 2*b, 3*b = 3*z - 18. What is the units digit of z?
9
Suppose -7*f - 120 = -358. What is the tens digit of f?
3
Let o(v) = -v - 3. Let c be o(-6). Let b be 5/2*(-12)/(-5). Suppose c*l - 31 = -4*y, -b*y + y - 2*l + 37 = 0. What is the units digit of y?
7
Suppose -3*w + 162 + 199 = -5*s, 2*w - 214 = -2*s. What is the tens digit of w?
1
Suppose 0 = i + 1 + 1. Let n be 1*1*(-116)/i. Suppose -x + s = -6, 5*x + 2*s = -0*x + n. What is the units digit of x?
0
Let r(k) = -k**3 + 8*k**2 + k - 5. Let j be r(8). Suppose v - 4 = -d, -5*v + 2*d = -10 - j. Suppose v*q - 62 = -8. What is the units digit of q?
8
Suppose n - 6*n = -5. Let v = -2 + n. What is the units digit of (-2)/(-2 + 1) + v?
1
Let h = 48 - 20. What is the units digit of h?
8
Let g be (-4)/10 - (-132)/5. Let h = g + -13. What is the tens digit of h?
1
What is the tens digit of (-110 + 0)/(3/6*-2)?
1
Let r be (-4)/(-4) + 1 + -2. Suppose a = -a - 4*q + 70, -a + q + 23 = r. What is the tens digit of a?
2
Let k(d) = -d**2 - 2*d. Let m(h) = h**2 - h. Let g(v) = k(v) + 2*m(v). Let s be g(-3). Let o = 30 - s. What is the units digit of o?
9
Let l(x) = 3*x - 2*x - x**3 - 5*x**2 + 0*x**2 + 3*x - 3. Let v be l(-6). Suppose -5*f + v = -11. What is the units digit of f?
4
Let u(l) = -10*l - 3. Let i(w) = -2*w**3 - w**2 + w. Let a be i(1). What is the units digit of u(a)?
7
Suppose -5*j - f + 681 = -249, 566 = 3*j - f. What is the tens digit of j?
8
What is the units digit of 38 + -3 + -3 + 5?
7
Suppose -29 + 7 = -k. What is the units digit of k?
2
Let n(d) = -d**3 - 7*d**2 - 7*d - 6. Let k be n(-6). Suppose k = -5*v + 15. What is the units digit of v?
3
Suppose x - 11 - 11 = 0. What is the tens digit of x?
2
Let y = -37 - -63. What is the tens digit of y?
2
Let h = 14 - -39. What is the tens digit of h?
5
Suppose -2*d = -i - d + 2, 2*i + 6 = 4*d. What is the units digit of i?
7
Let z(w) = w**3 + 2*w**2 - 3*w. Let c be 1/1 - (-8 + 7). What is the units digit of z(c)?
0
Let h(m) = 3*m**3 + m**2 - m - 1. Let q be h(1). Suppose -q*k - 33 = -4*y - k, -3*y + k = -26. What is the units digit of y?
7
Suppose 4 = 3*y - y. Let n be 30/(-4) + y/(-4). Let m = -4 - n. What is the units digit of m?
4
Let k be -1*(-3)/((-6)/(-26)). Suppose k = z - 3*p, -11 + 1 = 5*p. Let g(s) = s**3 - 6*s**2 - 6*s - 5. What is the units digit of g(z)?
2
Let n(m) = -m**3 + m**2 - 2*m + 287. What is the tens digit of n(0)?
8
Suppose 5*u = 2*u + 5*t + 20, -u - 20 = 5*t. Suppose -2*k - 3 + 9 = u. Suppose -4*g - k*h + 22 = 0, -3*h + 20 = 4*g - h. What is the units digit of g?
4
Suppose -4*d + 3*d = i - 3, -d + 11 = 5*i. What is the units digit of (1/(-3))/(d/(-111))?
7
Let c = 0 + 0. Let b be ((-7)/(-2))/(8/16). Suppose c = 2*k - k - b. What is the units digit of k?
7
Let r(n) = n - 1. Let w be r(3). Let p = 26 + -24. Suppose -t = -w*t + 2*f + 9, 2*t + p*f - 12 = 0. What is the units digit of t?
7
Let x(i) = 11*i + 5. What is the tens digit of x(5)?
6
Suppose 26 = -2*q + 106. What is the units digit of q?
0
Suppose 2*x = 8 + 2. Suppose 0*u - 4 = m + x*u, 6 = 3*m - 3*u. What is the units digit of m?
1
Let f = -26 + 15. Let y = f - 1. What is the tens digit of 16/6*(-45)/y?
1
Let q be 92/28 + 2/(-7). What is the tens digit of 21 + 15/q + -3?
2
Suppose c = -3 + 7. Suppose -c*y = -8, -35 = -3*s - 5*y - 1. What is the units digit of s?
8
Let j be 0 + 85 + 3/1. Let u = -129 + j. Let z = u + 57. What is the units digit of z?
6
Let k be 138 - ((-1)/1 + 0). Suppose 0 = 5*h + 29 - k. Let b = h - 9. What is the tens digit of b?
1
Suppose -4*w = -0*w + 2*o + 30, -w + 10 = 4*o. Let u = 48 - w. What is the tens digit of u?
5
Let t(v) = v + 1 + 0 - 8*v. Suppose 0 = -4*x - 2 - 2. What is the units digit of t(x)?
8
Suppose -i = -2*k - 3 + 13, 0 = 4*i. Let r = k - -8. What is the tens digit of r?
1
Suppose 19 = -j + 2*j. What is the tens digit of j?
1
Suppose 4*w = 164 + 196. What is the units digit of w?
0
Let f(u) be the second derivative of -3*u - 1/12*u**4 + 4/3*u**3 + 0 + 5*u**2. What is the units digit of f(8)?
0
Suppose 0 = -2*a + 2 - 10. Let c(w) = -7*w + 4. What is the tens digit of c(a)?
3
Suppose -m + 71 = -5*c, -3 - 2 = -c + 5*m. Let u = c + 43. What is the tens digit of u?
2
Let g = -81 + 165. What is the units digit of g?
4
Suppose 0 = -6*q + q + 20. What is the units digit of (459/18)/(3/q)?
4
Let i be -1*(2 + -3)*-10. Let o be 72/i - (-1)/5. Let n = o + 12. What is the units digit of n?
5
Let i = 60 + -57. What is the units digit of i?
3
Let x = 3 + -1. Let q(z) be the third derivative of -z**6/120 + z**5/15 - z**4/8 + z**3/3 - 2*z**2. What is the units digit of q(x)?
4
Suppose u = -0*u + 32. What is the units digit of u?
2
What is the tens digit of ((-26)/4 - -5)/(3/(-172))?
8
Let y = -175 + -53. What is the units digit of y/(-5) - 8/(-20)?
6
Suppose 3*g - 7 + 1 = 0. Suppose -4*s - 2*p = g*p + 4, -4*s = 5*p + 9. What is the units digit of s?
4
What is the hundreds digit of 58/8*(22 - 6)?
1
Let v = 21 + 9. What is the tens digit of v?
3
Let c(k) = k**3 - 6*k**2 - 2*k - 5. Let x be -3 - -1 - (3 - 12). Let w be c(x). Suppose 0 = -7*n + 2*n + w. What is the units digit of n?
6
Let u = -129 + 245. What is the units digit of u?
6
Suppose -8 = 3*m + 4. Let p = m - -17. What is the tens digit of p?
1
Suppose -4*h = -3*i - 94, 4*i - 4 = 4. What is the units digit of h?
5
What is the tens digit of 2*((-2)/1 + 3234/28)?
2
Suppose -2*h - 3*i + 1 = 2, 5*h = 3*i + 29. Suppose -h*y = -47 + 3. Suppose 4 = f - 2*d, -3*f + 4*f + 5*d = y. What is the units digit of f?
6
Let g be (-282)/14 - 3/(-21). Let w = 47 + g. What is the tens digit of w?
2
Suppose 3*j = 2*u, 3*j - 3*u + 5 = j. What is the units digit of (-3 - (j + -3)) + 10?
8
Let a(q) = 2 + 0*q + 3*q + 3 - 2. What is the tens digit of a(4)?
1
Let t be 5 + -1 - 2 - -12. Let p = -9 + t. What is the units digit of p?
5
Let q = 1 + 0. What is the tens digit of q/(-3) - 93/(-9)?
1
What is the units digit of 124/12*6 + 1*-1?
1
Let b be 1/4 - 98/8. Let h be (3 - 1)/(b/6). What is the units digit of (h*2)/((-3)/12)?
8
Suppose 26 - 6 = 5*d. Suppose -q = d*q - 10. What is the units digit of 3 - 3/(-6)*q?
4
Suppose 162 = y - 20. What is the units digit of y?
2
Suppose 0 = -9*y + 3*y + 36. Suppose 0 = 4*r - 5*g - 18, -y*r + 5*r - g = 0. What is the units digit of r?
2
Let o be -7 + (-2)/(1 - -1). What is the units digit of 7/1 + (o - -9)?
8
Suppose 3*q - 6*z + 20 = -5*z, 4*z + 4 = -2*q. Suppose 6*p + 19 + 5 = 0. Let l = p - q. What is the units digit of l?
2
Suppose -3*d = -5*a - 23, 0 = d - 2*a - 7 - 2. What is the units digit of -1 + (6 - d) + -2?
2
Let q(i) = -4*i**3 - 1. Let j be q(1). Let x(o) = 6*o**2 - 2*o - 10. Let u(z) = z**2 - z - 1. Let d(g) = -5*u(g) + x(g). What is the units digit of d(j)?
5
Suppose 0 = -38*z + 43*z - 435. What is the units digit of z?
7
Suppose -5*r + 5*i = -10, -2 - 1 = -i. Suppose -100 = -5*a + w, 4*a - r*w = 96 - 16. What is the tens digit of a?
2
Suppose t - 508 = -4*d + 360, 5*d - 1110 = 5*t. What is the tens digit of d?
1
Suppose 5*o = -5, -m - 1 = 5*o + 3. What is the units digit of m*(-2 + (1 - -2))?
1
Suppose -68 = -4*m + 2*w, 5*m - 2*w + 5*w - 96 = 0. Suppose 4*j + 127 = -7*i + 2*i, -i - 5*j - 17 = 0. What is the units digit of 4/m - 129/i?
5
Let w = 6 + 2. Suppose 5*t - w = 2. Let v = 9 - t. What is the units digit of v?
7
Suppose -186 = -4*p - 22. What is the tens digit of p?
4
Let m(l) = 109*l**2 - 2*l - 1. What is the hundreds digit of m(-1)?
1
Let p(y) = 2 - 4*y**2 - 2 + 3*y**3 - y + 6*y**2. What is the units digit of p(2)?
0
What is the tens digit of (16 - 18)/(2/(-62))?
6
Let t(s) = s**3 + 6*s**2 - 7*s. Let j be t(-7). Suppose 3 = 3*b - j*b. What is the units digit of b/(-2) + (-69)/(-6)?
1
Let r(j) = 3*j + 11. Let s(h) = 10*h + 33. Let f(n) = 7*r(n) - 2*s(n). Let k be f(-8). Let z = k + 0. What is the units digit of z?
3
Suppose 3*n - n - 8 = 0. Suppose -4*b + 32 = -2*t, -2*b + 2*t + 22 = n.